j(q) be the third derivative of -q**6/120 - q**5/60 + 2*q**3/3 + 3*q**2. Determine j(0).
4
Let g(p) = -p + 1. Let n be 3/3*-1*-3. Let k be (-6)/n + 4 + -2. What is g(k)?
1
Suppose 4*c = -2*v - 0*v - 8, 0 = v. Let l be (-10)/(-4) - c/(-4). Let d(b) = l - b + 3*b + 0. What is d(-5)?
-8
Suppose 1 + 22 = 3*n + o, -2*o = -2*n + 10. Suppose 12 = -11*v + n*v. Let u(x) = -x**2 - 5*x - 2. Give u(v).
4
Let a(b) = -4*b - 2. Let w(g) = -8*g - 3. Let q(x) = -7*a(x) + 4*w(x). Calculate q(4).
-14
Let n(k) = -k**2 - 7*k - 5. Let j be n(-6). Let o(h) be the second derivative of 3/2*h**3 + 0 + 4*h - 1/2*h**2. Give o(j).
8
Let c be (-2 + 2)*3/9. Suppose 4*d + d = c. Let f(r) be the first derivative of -r**4/4 + r**3/3 + r**2/2 - 3*r + 1. Determine f(d).
-3
Let r(d) = 3*d**2 + 5*d - 2. Let x be r(-5). Let a be (-1)/5 - x/(-15). Let b(t) = t**3 - 3*t**2. Give b(a).
0
Suppose -2 = 4*r + 10. Let n be r - (0 + -7 - -3). Let x(d) = -d**2 + d. Determine x(n).
0
Let n(t) be the third derivative of t**4/12 + t**3/6 + 7*t**2. Determine n(-3).
-5
Let g(d) = 3*d**2 + 2*d + 4. Let s(v) = 4*v**2 + 3*v + 5. Let h(n) = 3*g(n) - 2*s(n). What is h(0)?
2
Let j(w) = -17*w**2 + 15*w - 4. Let s = 4 + -2. Let x(t) = -t**2 - 1 - 4*t + 2 + 9*t**2 - 4*t**2. Let f(r) = s*j(r) + 9*x(r). Give f(4).
9
Suppose b = 2*h - 7*h + 12, b - 4 = -h. Let l(v) = -2*v - 2. Give l(b).
-6
Let a be (-2)/6 - (-1)/3. Let p(u) be the second derivative of -u**3/6 - u**2 + u. Give p(a).
-2
Let o(g) = g**3 + 5*g**2 - 2*g - 4. Let j(w) = -4*w - 1. Let h be j(-1). Suppose -p - 2 = h. What is o(p)?
6
Let q(a) = 18*a**3 - a. Let s be 1/(-2)*(-1 + 3/1). Give q(s).
-17
Let c be (-12)/54 + 86/(-18). Let k(v) be the second derivative of v**3 - 2*v + 3*v**2 + 1/12*v**4 + 0. What is k(c)?
1
Let h = -5 - -9. Let g(z) = z + 4*z + 5 - h*z. Let f = 11 - 11. What is g(f)?
5
Let a(t) = t - 9. Let o be (-2)/(-6) + (-112)/(-6). Let r be o/3 + 1/(-3). Let s be a(r). Let m(v) = v. Determine m(s).
-3
Let j(u) be the second derivative of 1/3*u**3 + 0 - 3*u - u**2. Give j(3).
4
Let v(k) = -k + 6 + 3 + 5 - 7. Calculate v(6).
1
Let d(s) = -s**2 - s**2 - 5 + 5*s**2. Let z(m) = 8*m**2 - 14. Let f(j) = 11*d(j) - 4*z(j). Suppose c + 1 = -3*l + 2*c, -4*l - 5*c + 5 = 0. What is f(l)?
1
Let b(r) = -1. Let d(i) = i - 2. Let j(f) = -3*b(f) - d(f). Let m(a) = -a**2 + 5*a - 3. Let q be m(3). Calculate j(q).
2
Let u be (-6)/28*2 - (-39)/(-7). Let g(b) = -10*b**2 - 19*b + 13. Let p(s) = -7*s**2 - 13*s + 9. Let l(x) = 5*g(x) - 7*p(x). Calculate l(u).
-10
Let w(n) be the first derivative of -n**2 + 2*n + 3. What is w(-2)?
6
Suppose -4*k = -31 + 11. Suppose -k*a + 19 = -3*q, 14 + 4 = 4*q + 2*a. Let y(i) = i + i**2 - 4*i**2 + 2*i**q - 6*i. Calculate y(-3).
6
Let d(z) be the second derivative of -z**3/6 + 3*z**2/2 + z. Let f(t) = t**3 - 7*t**2 + 8*t - 3. Let u be f(6). Let o = 11 - u. Determine d(o).
1
Let l(b) = b**2 - b - 2. Let c be l(2). Let w(j) be the third derivative of j**2 + 1/6*j**4 + 1/60*j**5 + 1/6*j**3 + c*j + 0. What is w(-3)?
-2
Let x(p) = p**3 - 3*p**2 + 4*p - 9. Let n(m) = -m + 1. Let g(s) = 6*n(s) + x(s). Calculate g(3).
-9
Let d(q) = 2*q**2 + 4*q + 1. Suppose -5*c + 21 = 6. Let p(v) = v**2 - 5*v + 3. Let i be p(c). Determine d(i).
7
Let z(r) = -5*r**3 - r + 6. Let x(j) = -3*j**3 + 3. Let t(l) = -7*x(l) + 4*z(l). What is t(2)?
3
Let w(m) = -m**3 - 3*m**2 + m - 5. Suppose -5*f = 30 - 10. Calculate w(f).
7
Let d(p) = -6*p + 3. Let l(j) = 19*j - 8. Let u(q) = 11*d(q) + 4*l(q). Suppose 2*h = -3*h - 15. Let v = 2 + h. Determine u(v).
-9
Let b(v) = 5*v - 53. Let m be b(10). Let c(a) = -a**3 - 4*a**2 - 3*a. Give c(m).
0
Let g(k) = 19*k**2. Let w(i) = -28*i**2. Let p(z) = -7*g(z) - 5*w(z). Suppose 3*q = 4*q + 2*b - 1, -5*b = -4*q - 9. What is p(q)?
7
Let h(n) = -5*n**3 + n**2 - 3*n - 6. Let a(z) = 9*z**3 - 3*z**2 + 5*z + 12. Let f(w) = 6*a(w) + 11*h(w). Determine f(-6).
-12
Suppose -2*i + 2*h = 18, -7 = 2*i - 3*h + 14. Let d = 1 + i. Let y = 5 + d. Let l(r) = -r**3 - 7. Give l(y).
-7
Suppose 4*b - 13 + 2 = -3*h, b - 3 = -h. Let f(k) be the third derivative of 11*k**4/24 + k**3/6 + 8*k**2. What is f(h)?
12
Suppose -3*l + 21 = -h + 8, 5*l - 35 = 5*h. Let n(y) = 0*y**3 + 3*y**3 - l*y**3 + 4 - 4*y - y**3 + 3*y**2. Let o be 2*(1 + 0) + 1. Give n(o).
-8
Let b be (1 - 3) + (-10)/(-2). Let u(t) = t - 4. Let o be u(6). Let s(p) = -4*p**2 + p**3 + 2*p**2 + 2 - p - 2*p**2 + o. Give s(b).
-8
Let t(v) = v**3 - 3*v**2 + 1. Suppose 1 - 5 = -2*o. Let b(m) = m**2 - m. Let d(h) = o*b(h) - t(h). Determine d(4).
7
Let r(z) be the second derivative of -z**3/6 - z**2/2 - z. Let u be (1/1)/((-4)/(-24)). Let d = u - 7. What is r(d)?
0
Let v(m) be the second derivative of m**3/3 - m**2 - 5*m. Calculate v(6).
10
Let d(h) = -h**2 - 2*h + 3. Let v(y) = 16*y**3 + y - 2. Let o be v(1). Suppose 0 = 4*i + i + o. What is d(i)?
0
Let m be (0 - 1 - -5)*1. Let y(i) = i + 4. Let t(a) = -a - 1. Let w(v) = 6*t(v) + 3*y(v). Give w(m).
-6
Let w(u) = 3*u - 11. Let z(h) = 4*h - 3*h - 2*h. Let a(t) = w(t) + 2*z(t). Calculate a(0).
-11
Let r be (-2)/(-8) - (-3)/(-12). Let t be 4/(-2 + r) + 6. Suppose 14 = -3*w + t*h, -8*w + 3*w = 5*h. Let m(q) = q**2 - 2. Give m(w).
2
Suppose 0 = 3*b + b - 28. Let g(f) = -f + 9. Calculate g(b).
2
Let c be (-108)/(-30) - (-2)/5. Let l(y) = y**2 - 2*y - 4. Give l(c).
4
Let k(z) = -1. Let n(l) = -l - 12. Let c(o) = 5*k(o) - n(o). Determine c(-5).
2
Suppose -3*g = 2*l - 17, -4*l + 5 - 16 = -3*g. Suppose 4*x = -4*r + 4, 4*r + 0 = -3*x + 2. Let u(z) = -2*z**2 + 5*z + 2 - z**x + 2*z**2. Give u(g).
2
Let m(a) be the first derivative of a**3/3 - 3*a**2/2 - 2*a + 3. Give m(3).
-2
Suppose v + 4 - 6 = -3*k, 0 = 5*v + 4*k - 10. Let t be 0/((-2)/v*-1). Let g = -1 + t. Let y(w) = -w - 2. Determine y(g).
-1
Let h(p) be the third derivative of p**4/6 + p**3/3 + 6*p**2. Calculate h(-2).
-6
Let r(b) = 9*b**3 - 12*b**2 + b - 1. Let k(m) = -5*m**3 + 6*m**2 - m. Let s(a) = -11*k(a) - 6*r(a). Let q be (2/6)/((-1)/(-9)). Let l = -2 - q. Determine s(l).
6
Let r be (-40)/(-12)*12/10. Let o(k) = -6*k**3 - 3*k**2 + 5*k + 2. Let n(h) = 1 - 3*h - 3*h**2 + 3*h**3 - 8*h**3 + 7*h. Let a(s) = r*o(s) - 5*n(s). Give a(-3).
3
Suppose 5*l + 3*n = 36, 0*l + 5*l = 2*n + 26. Let j(u) = u**3 - 7*u**2 + 6*u - 1. Let p be j(l). Let q(g) = -9*g + 1. What is q(p)?
10
Let x be (-38)/57 + (-26)/6. Let q(u) be the third derivative of -1/60*u**5 - 1/6*u**4 + 0*u + 1/3*u**3 - u**2 + 0. Determine q(x).
-3
Let g(q) be the third derivative of -q**6/120 - 7*q**5/60 - 14*q**2. Determine g(-7).
0
Let i(m) = -m**2 + m - 1. Let v(q) = -q**3 + 10*q**2 + 6. Let l(j) = -6*i(j) - v(j). Let a(d) = d**3 + 4*d**2 + 3*d + 3. Let s be a(-2). Give l(s).
-5
Let b(z) = z - 8. Let g = -31 + 39. Calculate b(g).
0
Suppose -2*k + 27 = -3*h, -5*k - 59 = 5*h - h. Let c = h + 16. Let q(s) = s**3 - 2*s**2 - 1 - 3*s**2 + 4. Give q(c).
3
Suppose -j = -3*z + 8, 5*z = 3*j + 20 - 0. Let y(s) = -2*s - 2. Calculate y(j).
8
Let a(n) = -n**2 - 6*n + 9. Let t be a(-8). Let j(x) = x**3 + 7*x**2 - x - 5. Let v be j(t). Let g(p) = -2*p**3 + 2*p**2 + 3*p - 2. What is g(v)?
-4
Let j(r) = -2*r**2 + 13*r + 5. Let g(c) = -c**2 + c. Let h(b) = 6*g(b) - j(b). Let l(u) = -5*u**2 - 8*u - 6. Let o(a) = -6*h(a) + 5*l(a). Give o(1).
1
Let w(p) = -p**2 - 6*p - 2. Suppose 0*o - o = 4. Give w(o).
6
Suppose -4*a + 30 = -5*j, 3*a + 10 = 2*j + 29. Let d(f) = -f**2 + 2*f + 1. Determine d(j).
-7
Suppose -22 = -3*t - 2*c, -6*t + 5*c + 21 = -4*t. Let q = t - 6. Suppose -q*b - 2*n + 4 = -2, -4*n + 8 = 0. Let a(l) = -l**3 - l + 1. Determine a(b).
-1
Let o(h) be the first derivative of 1/3*h**3 + h + 3*h**2 + 2. What is o(-5)?
-4
Let a(c) = 2*c**2 + 3*c + 5. Let n(h) = 3*h**2 + 5*h + 9. Let f(v) = 5*a(v) - 3*n(v). Give f(-3).
7
Let k(x) be the first derivative of x**5/60 - 2*x**3/3 - 3*x**2/2 + 6. Let j(v) be the second derivative of k(v). Calculate j(-4).
12
Let r(h) = 2 - 4*h - 1 - 4 - h**2. Let v = 10 + -4. Suppose -15 = 2*s + n, v*s + n + 30 = s. Calculate r(s).
-8
Let k be 2*2/4 + 2. Let b(m) = m**2 + 1. Let z(l) = l**3 + l**2 - 3*l + 7. Let d = 5 + -6. Let f(p) = d*z(p) + 3*b(p). What is f(k)?
-4
Let m(x) be the second derivative of x**3/6 + 3*x**2/2 + 2*x. Let f(p) = -p**3 - 8*p**2 - p - 5. Let y be f(-8). Give m(y).
6
Let j = 1 + -4. Let q(l) = -l**3 + 7 - 